{"id":14,"date":"2017-02-23T15:47:54","date_gmt":"2017-02-23T18:47:54","guid":{"rendered":"http:\/\/clinpet.com.br\/site\/?page_id=14"},"modified":"2017-05-01T13:58:26","modified_gmt":"2017-05-01T16:58:26","slug":"quem-somos","status":"publish","type":"page","link":"http:\/\/clinpet.com.br\/site\/index.php\/quem-somos\/","title":{"rendered":"QUEM SOMOS"},"content":{"rendered":"<p style=\"text-align: justify;\"><img decoding=\"async\" loading=\"lazy\" class=\"size-medium wp-image-55 alignleft\" src=\"http:\/\/clinpet.com.br\/site\/wp-content\/uploads\/2017\/02\/IMG_2849-300x200.jpg\" alt=\"\" width=\"300\" height=\"200\" srcset=\"http:\/\/clinpet.com.br\/site\/wp-content\/uploads\/2017\/02\/IMG_2849-300x200.jpg 300w, http:\/\/clinpet.com.br\/site\/wp-content\/uploads\/2017\/02\/IMG_2849-768x512.jpg 768w, http:\/\/clinpet.com.br\/site\/wp-content\/uploads\/2017\/02\/IMG_2849-1024x683.jpg 1024w\" sizes=\"(max-width: 300px) 100vw, 300px\" \/>Somos uma Empresa Privada \u2013 <strong>Ra\u00e7\u00f5es e Pet Shop ClinPet Ltda<\/strong> &#8211; sediada na Rua Fernandes Cardoso, 237, Treze de Maio Santa Isabel, S\u00e3o Paulo- inscrita sob o CNPJ n\u00ba 07.342.877\/0001-00.<\/p>\n<p style=\"text-align: justify;\">Nossa miss\u00e3o \u00e9 a promo\u00e7\u00e3o da sa\u00fade animal em prol do bem estar dos mesmos, da sa\u00fade p\u00fablica e do meio ambiente.<\/p>\n<p style=\"text-align: justify;\">Desde 1992, prestamos assist\u00eancia m\u00e9dico- veterin\u00e1ria na cidade de Santa Isabel e regi\u00e3o, s\u00e3o ao todo mais de 10 mil atendimentos.<\/p>\n<p style=\"text-align: justify;\">A esses, somam-se a\u00e7\u00f5es educativas aos propriet\u00e1rios carentes sobre posse respons\u00e1vel, sa\u00fade animal, sa\u00fade publica e meio ambiente. Contamos como todos os recursos necess\u00e1rios para atendimento emergencial, cirurgias de emerg\u00eancia ou eletivas, clinica geral, oftalmologia, ortopedia, cardiologia entre outras especializa\u00e7\u00f5es.<\/p>\n<p style=\"text-align: justify;\"><img decoding=\"async\" loading=\"lazy\" class=\"alignnone wp-image-81 \" src=\"http:\/\/clinpet.com.br\/site\/wp-content\/uploads\/2017\/02\/IMG_2826-300x200.jpg\" alt=\"\" width=\"245\" height=\"163\" srcset=\"http:\/\/clinpet.com.br\/site\/wp-content\/uploads\/2017\/02\/IMG_2826-300x200.jpg 300w, http:\/\/clinpet.com.br\/site\/wp-content\/uploads\/2017\/02\/IMG_2826-768x512.jpg 768w, http:\/\/clinpet.com.br\/site\/wp-content\/uploads\/2017\/02\/IMG_2826-1024x683.jpg 1024w\" sizes=\"(max-width: 245px) 100vw, 245px\" \/>\u00a0<img decoding=\"async\" loading=\"lazy\" class=\"alignnone  wp-image-146\" src=\"http:\/\/clinpet.com.br\/site\/wp-content\/uploads\/2017\/02\/IMG_2750-300x200.jpg\" alt=\"\" width=\"245\" height=\"163\" srcset=\"http:\/\/clinpet.com.br\/site\/wp-content\/uploads\/2017\/02\/IMG_2750-300x200.jpg 300w, http:\/\/clinpet.com.br\/site\/wp-content\/uploads\/2017\/02\/IMG_2750-768x512.jpg 768w, http:\/\/clinpet.com.br\/site\/wp-content\/uploads\/2017\/02\/IMG_2750-1024x683.jpg 1024w\" sizes=\"(max-width: 245px) 100vw, 245px\" \/>\u00a0<img decoding=\"async\" loading=\"lazy\" class=\"alignnone  wp-image-147\" src=\"http:\/\/clinpet.com.br\/site\/wp-content\/uploads\/2017\/02\/IMG_2787-1-300x200.jpg\" alt=\"\" width=\"245\" height=\"163\" srcset=\"http:\/\/clinpet.com.br\/site\/wp-content\/uploads\/2017\/02\/IMG_2787-1-300x200.jpg 300w, http:\/\/clinpet.com.br\/site\/wp-content\/uploads\/2017\/02\/IMG_2787-1-768x512.jpg 768w, http:\/\/clinpet.com.br\/site\/wp-content\/uploads\/2017\/02\/IMG_2787-1-1024x683.jpg 1024w\" sizes=\"(max-width: 245px) 100vw, 245px\" \/><\/p>\n","protected":false},"excerpt":{"rendered":"<p>Somos uma Empresa Privada \u2013 Ra\u00e7\u00f5es e Pet Shop ClinPet Ltda &#8211; sediada na Rua Fernandes Cardoso, 237, Treze de Maio Santa Isabel, S\u00e3o Paulo-<\/p>\n<div class=\"read-more-wrapper\"><a class=\"link small\" href=\"http:\/\/clinpet.com.br\/site\/index.php\/quem-somos\/\" role=\"button\">Read more<span class=\"nc-icon-glyph arrows-1_bold-right\"><\/span><\/a><\/div>\n","protected":false},"author":1,"featured_media":0,"parent":0,"menu_order":0,"comment_status":"closed","ping_status":"closed","template":"","meta":[],"_links":{"self":[{"href":"http:\/\/clinpet.com.br\/site\/index.php\/wp-json\/wp\/v2\/pages\/14"}],"collection":[{"href":"http:\/\/clinpet.com.br\/site\/index.php\/wp-json\/wp\/v2\/pages"}],"about":[{"href":"http:\/\/clinpet.com.br\/site\/index.php\/wp-json\/wp\/v2\/types\/page"}],"author":[{"embeddable":true,"href":"http:\/\/clinpet.com.br\/site\/index.php\/wp-json\/wp\/v2\/users\/1"}],"replies":[{"embeddable":true,"href":"http:\/\/clinpet.com.br\/site\/index.php\/wp-json\/wp\/v2\/comments?post=14"}],"version-history":[{"count":12,"href":"http:\/\/clinpet.com.br\/site\/index.php\/wp-json\/wp\/v2\/pages\/14\/revisions"}],"predecessor-version":[{"id":148,"href":"http:\/\/clinpet.com.br\/site\/index.php\/wp-json\/wp\/v2\/pages\/14\/revisions\/148"}],"wp:attachment":[{"href":"http:\/\/clinpet.com.br\/site\/index.php\/wp-json\/wp\/v2\/media?parent=14"}],"curies":[{"name":"wp","href":"https:\/\/api.w.org\/{rel}","templated":true}]}}